 4) to base 12.
-250443
2032330103 (base 4) to base 7
4655654
-110330033 (base 7) to base 3
-110111122120212
5e74ba (base 16) to base 5
3041042031
What is 1001100111001001000011100 (base 2) in base 3?
1101221002010221
Convert -3030302023 (base 4) to base 10.
-838795
What is -13332210 (base 6) in base 11?
-286347
What is 111010001111111101100 (base 2) in base 4?
13101333230
What is -101000001011000101100 (base 2) in base 14?
-263a44
Convert -437021 (base 8) to base 2.
-100011111000010001
Convert -60a7a (base 14) to base 2.
-111000110001110100
-222406 (base 8) to base 13
-281b4
What is 97562 (base 16) in base 6?
21141442
-24610 (base 7) to base 9
-8784
Convert 13435553 (base 7) to base 4.
10301320313
Convert -94661 (base 15) to base 13.
-136255
-4035405 (base 6) to base 7
-1426004
Convert 73045 (base 11) to base 10.
106529
1010000111110110011 (base 2) to base 11
207235
What is -2442205 (base 6) in base 8?
-376075
-312465 (base 9) to base 14
-4b897
Convert 11177528 (base 9) to base 10.
5424920
What is 217ad (base 15) in base 3?
12101220101
Convert 211010022110221 (base 3) to base 14.
17c084c
16624a (base 15) to base 6
35122011
53151541 (base 6) to base 16
17b795
What is -221022 (base 4) in base 12?
-1636
Convert 20320131 (base 4) to base 10.
36381
1001440125 (base 6) to base 15
d5a898
What is 1001111001100101110111 (base 2) in base 7?
31026104
-5606239 (base 11) to base 6
-550424141
5b6aa6 (base 12) to base 4
11222112132
-245744 (base 9) to base 6
-3103534
What is 11232134 (base 7) in base 16?
efef1
2333334 (base 5) to base 9
64843
What is -218254 (base 10) in base 3?
-102002101111
Convert -1133333 (base 4) to base 11.
-4685
111222020111 (base 3) to base 12
113194
What is -32070 (base 15) in base 14?
-41bbc
1b5f (base 16) to base 3
100121112
Convert -122011000120 (base 3) to base 6.
-11122410
What is 18360 (base 11) in base 5?
1310333
What is -315511 (base 8) in base 3?
-12100102121
-7cd30 (base 14) to base 10
-304430
Convert 2240450 (base 7) to base 13.
99b51
Convert -106253362 (base 7) to base 2.
-11000110111001100011110
-1110001111011111111010 (base 2) to base 16
-38f7fa
Convert -1513317 (base 10) to base 8.
-5613545
Convert -49596 (base 12) to base 15.
-1e670
What is 640256 (base 7) in base 12?
53bb5
101551a (base 11) to base 2
110110101110111001011
283a86 (base 14) to base 8
5241206
-1012611 (base 7) to base 2
-11101100011001110
What is 1011110000011001110 (base 2) in base 4?
1132003032
What is 574777 (base 8) in base 2?
101111100111111111
Convert -410440240 (base 5) to base 15.
-22a89a
Convert 507275 (base 8) to base 9.
274826
What is -2c36 (base 15) in base 2?
-10010100011101
14cbcb0 (base 13) to base 3
110120102200100
Convert -baaba (base 13) to base 15.
-6a224
Convert 167c8 (base 15) to base 8.
215676
What is c0495 (base 13) in base 8?
1236752
Convert -1211c (base 14) to base 3.
-2020112022
-1213310123 (base 5) to base 12
-b64659
What is -10221001200 (base 3) in base 15?
-17d99
Convert -2023211100 (base 4) to base 13.
-170301
Convert -15544532 (base 6) to base 9.
-1040812
What is -1120211011210 (base 3) in base 2?
-11001101110001100101
Convert 4448744 (base 10) to base 8.
20760750
Convert -1f4ab (base 16) to base 5.
-13100141
Convert 220a355 (base 11) to base 9.
7261832
Convert 30343430 (base 6) to base 2.
11010100001100001010
-489104 (base 11) to base 15
-104276
What is 1100010230 (base 4) in base 7?
2534132
Convert 6959d (base 14) to base 10.
256311
What is 141100301 (base 5) in base 9?
1320287
What is -35523066 (base 7) in base 3?
-12220222022210
Convert -1340b6 (base 13) to base 9.
-780101
Convert -10332014 (base 5) to base 14.
-24946
Convert -33330220 (base 4) to base 3.
-10022121021
Convert -217849 (base 10) to base 4.
-311023321
Convert -20122220120 (base 3) to base 5.
-13144104
What is 141df (base 16) in base 2?
10100000111011111
Convert 4060b4 (base 13) to base 7.
15510544
What is -41146555 (base 7) in base 12?
-119b0a7
2142314424 (base 5) to base 16
46f8e7
What is -5267843 (base 9) in base 14?
-535c15
Convert -11450170 (base 8) to base 13.
-69bba5
Convert 3896630 (base 10) to base 6.
215303542
21c2c5 (base 14) to base 10
1147557
Convert 1677891 (base 10) to base 13.
469947
What is -865787 (base 10) in base 5?
-210201122
1077053 (base 9) to base 14
112407
Convert -102310032002 (base 4) to base 6.
-253415322
What is -2b7376 (base 14) in base 4?
-11302220230
What is -6333357 (base 8) in base 10?
-1685231
What is -12251130 (base 6) in base 2?
-1100000100100011110
Convert -4611565 (base 7) to base 6.
-20151334
Convert 31111332 (base 4) to base 9.
82866
-16768 (base 9) to base 10
-11564
Convert 660655 (base 7) to base 15.
243a7
Convert -2204450 (base 10) to base 15.
-2d8285
Convert -503ed7 (base 16) to base 5.
-2321241332
What is -7264 (base 8) in base 14?
-152c
Convert 204225500 (base 6) to base 10.
3565260
Convert -15654533 (base 7) to base 14.
-2ba31a
What is 100020200200 (base 3) in base 13?
64b0c
-382155 (base 9) to base 4
-320130320
What is -332201100311 (base 4) in base 3?
-1010211122201102
-163556 (base 15) to base 6
-35010200
What is -e9c9 (base 15) in base 6?
-1021000
218179 (base 10) to base 8
652103
Convert 200222102012 (base 4) to base 13.
1a0a06b
Convert 283a7b5 (base 12) to base 8.
36535371
Convert -132021054 (base 6) to base 14.
-4c12b0
What is 4121321431 (base 5) in base 2?
11111111111010101001010
What is -35a9a97 (base 12) in base 15?
-dae554
What is -4fc15 (base 16) in base 12?
-139071
What is -12114 (base 12) in base 13?
-b113
Convert 29462a (base 15) to base 2.
111100101101010010001
What is -1021001110121 (base 3) in base 7?
-5461126
Convert 264211 (base 7) to base 11.
34209
487a9 (base 13) to base 7
1063112
Convert -22020010121 (base 3) to base 6.
-3245411
1053323 (base 6) to base 13
1b6c9
Convert 11122020110002 (base 3) to base 9.
4566402
What is 11a9880 (base 12) in base 6?
202045440
Convert 4203033 (base 5) to base 3.
10111211212
What is -1467615 (base 9) in base 16?
-c663e
38727 (base 12) to base 16
12d0f
Convert -96463 (base 11) to base 13.
-4bb2c
-513731 (base 9) to base 10
-304588
31050107 (base 8) to base 14
c31b83
What is 808066 (base 9) in base 10?
478284
What is a6a00 (base 12) in base 13?
789b1
Convert -bb8cc0 (base 14) to base 2.
-11000010001011111101000
Convert -2b721 (base 14) to base 4.
-122132001
What is 146331 (base 15) in base 9?
1757181
What is -100100010110000110101 (base 2) in base 3?
-2020111200211
What is 50132 (base 12) in base 9?
167422
Convert -884475 (base 9) to base 6.
-15153152
What is -2012001100210 (base 3) in base 4?
-10123300302
What is -34100 (base 14) in base 13?
-45708
Convert 86750 (base 9) to base 11.
3a1aa
120010002020 (base 3) to base 9
503066
-13033113 (base 4) to base 13
-10662
Convert -2123216 (base 7) to base 13.
-905ba
Convert -3a807 (base 14) to base 11.
-99429
Convert -170644 (base 8) to base 13.
-22206
Convert 101100000110101111 (base 2) to base 10.
180655
What is -110001011110010000 (base 2) in base 6?
-4202052
What is 111201000100 (base 3) in base 6?
5440443
What is 215155 (base 6) in base 16?
464f
What is -562784 (base 9) in base 8?
-1221510
-30110332 (base 4) to base 9
-76234
What is 22002220101 (base 3) in base 16?
26f5c
Convert -13034231 (base 5) to base 14.
-3462d
Convert 23222211 (base 5) to base 4.
303133303
What is -11b3a6a (base 15) in base 5?
-11224004400
What is 536402 (base 8) in base 15?
3828d
What is -12010101110102 (base 3) in base 5?
-1144131004
-42444442 (base 5) to base 2
-1010111101111001100
-11011011000100111 (base 2) to base 15
-2337c
-112dd (base 14) to base 5
-2313442
-a8748 (base 11) to base 13
-56b87
Convert -5440511 (base 6) to base 14.
-70443
62279 (base 14) to base 3
110000101122
What is 241055 (base 6) in base 16?
51fb
What is -331499 (base 10) in base 6?
-11034415
Convert 3dd2e (base 15) to base 11.
126334
Convert -87ab6a (base 15) to base 8.
-30524244
What is 17998 (base 14) in base 2?
1110100010000010
-1120041 (base 6) to base 15
-11d84
What is 111000101000101001010 (base 2) in base 8?
7050512
What is 10100100111011111 (base 2) in base 11?
584a0
Convert -111100003322 (base 4) to base 15.
-750925
-1207287 (base 9) to base 13
-19c108
What is 40a6c0 (base 16) in base 14?
7c4144
Convert 962c (base 16) to base 6.
453552
Convert -1